 be m(5). Suppose -5*r + 17 + 18 = f. Is r composite?
False
Let d = 274 - -147. Suppose 0 = -2*s - 81 + d. Suppose -3*q + 110 = -j + 16, 5*q - s = -j. Is q a composite number?
True
Is 1346/(-4)*(4 - 6) a composite number?
False
Let i(y) = 9*y**2 - y. Suppose -1 = 5*n + 5*j + 9, -4*j - 4 = 0. Let u be i(n). Let v = 29 - u. Is v composite?
False
Let f = -51 - 70. Let k = -66 - f. Is k composite?
True
Let g(h) = h**3 + 4*h**2 - 3*h - 6. Let b be g(-4). Let s be (-2)/b*0 - -4. Suppose -388 = -l - s*l - 3*m, 0 = -2*l - 2*m + 156. Is l prime?
False
Suppose -2*y = -71 - 23. Let u = -33 + y. Is 430/u + 4/14 prime?
True
Suppose 0 = 2*n, 0 = -a - 0*a - n. Suppose 4*s = 5*x - a*s - 6, 12 = -3*s. Let r = x + 9. Is r a composite number?
False
Let k(i) be the third derivative of -i**7/1680 - i**6/720 - i**5/30 + 2*i**2. Let x(o) be the third derivative of k(o). Is x(-5) prime?
False
Let i = 43 + 83. Suppose i = n + n. Let q = -42 + n. Is q composite?
True
Suppose 2*t + n = 5145, 0 = -t + 2*n + 360 + 2205. Is t composite?
True
Let m be (7/(-3))/(11/132). Is 3/((-2)/m*2) prime?
False
Is ((-1 - -3)/1)/((-2)/(-379)) a composite number?
False
Let w(r) = 10*r - 3. Suppose -2*u - 8 = 0, 3 = c + 4*u - 3*u. Is w(c) composite?
False
Let g = 277 - 198. Is g prime?
True
Let m be 354/2 - 4*1. Let t = -86 + m. Is t a prime number?
False
Suppose -u = 5*d - 4117, -5604 - 6785 = -3*u + 4*d. Is u a prime number?
True
Let a(k) = 4*k**2 - k + 3 - 2*k - k. Is a(5) a composite number?
False
Let m be (-4)/18 + (-52)/9. Is (-9)/m*678/9 a prime number?
True
Suppose 4*u = 7*u + 30. Let p(c) = 3 + 6 - 2*c - 5*c. Is p(u) a composite number?
False
Suppose 0 = g + a - 585, 0*g - 2919 = -5*g - 2*a. Is g prime?
False
Suppose -t + 267 = 2*t. Let k = -43 + t. Is k composite?
True
Let a = -340 + 1044. Let j = -447 + a. Is j a prime number?
True
Let h(r) = -3*r**3 + 2*r**2 + 10*r + 13. Is h(-6) a prime number?
True
Let i = -8 + 10. Suppose -3*p - 4*k = -145, -i*k + 0 = -2. Is p a composite number?
False
Let p = 266 - 138. Suppose -95 - 110 = -a. Let z = a - p. Is z prime?
False
Let q(z) = z**3 - 6*z**2 + 4*z + 3. Let i be q(5). Let l = 9 + i. Is 597/l + (-6)/21 prime?
False
Suppose u + 4*c - 211 = 0, -4*u - 47 = c - 831. Suppose -3*r + 3*f + u = 0, -2*r + 91 + 39 = -5*f. Is r composite?
True
Let f(q) = 15*q**2 + 2*q - 1. Let m = 0 + -2. Is f(m) prime?
False
Suppose 4*s = 6*s. Suppose s = -7*x + 2*x + 95. Is x a prime number?
True
Suppose 0 = 2*l + 7 - 1. Let n = l + 6. Suppose 4*d - 104 = -4*p, -2*d + n*p + 17 = -2*p. Is d a prime number?
False
Let p = 595 + -98. Is p a composite number?
True
Let k(p) = 10*p**2 - 7*p - 14. Is k(7) a composite number?
True
Suppose 0 = 2*h - 3*p - 169, -3*p - 101 = 5*h - 471. Is h a prime number?
False
Suppose -2*t = -i - 4*i - 2251, 2*t + 5*i - 2281 = 0. Is t a prime number?
False
Suppose -223 = -i + 4*f, -6*i = -2*i + f - 841. Is i a composite number?
False
Suppose -6*h + 3*h = -921. Is h prime?
True
Is (-1 + -58)/(1/(-5)) prime?
False
Let c = 13 - 17. Is (-2 + 892)*c/(-8) composite?
True
Let i = -7 - -6. Is 2*((-261)/(-6) - i) composite?
False
Suppose 5*r + 3*l - 29 = 0, 3*r - 4*l = -17 + 46. Is 10220/49 - (-3)/r a prime number?
False
Suppose 3*k - 2*k + 4*j = 389, 2*j = k - 377. Is k composite?
True
Let k be (1/3)/((-2)/(-6)). Let l(m) be the first derivative of 16*m**2 + m + 3. Is l(k) a prime number?
False
Let l(r) = -2*r + 1. Let v(g) = -g. Let i be v(-2). Let z(j) = 9*j - 6. Let h(d) = i*z(d) + 11*l(d). Is h(-2) a prime number?
True
Suppose -4*u = l - 25, -99 + 29 = -l + 5*u. Let x = -30 + l. Let d = x + -8. Is d a prime number?
True
Suppose -4*n - 3399 = -5*q, -5*n = 6*q - 4*q - 1353. Is q a composite number?
True
Let y(a) = -17 + 17 + 5*a. Let z be y(1). Suppose z*r - 3*t - 111 = 53, 6 = -2*t. Is r prime?
True
Suppose -2 = -3*j - 5*g, -2*j + 5*g - g = 28. Is (2 + j/(-4))*14 a prime number?
False
Let b(h) = h + 1. Let j be b(2). Suppose -j*n + 4 = n. Suppose v - n - 13 = 0. Is v a composite number?
True
Suppose 0 = -20*q + 18*q + 2174. Is q a prime number?
True
Is (10/8 - 1) + 60258/88 a composite number?
True
Let j be (20/(-15))/((-2)/3). Let w(p) = 0*p**2 + 5*p - p**3 + 9 + 0*p - 6*p**j. Is w(-7) composite?
False
Let v = -290 - -529. Is v a prime number?
True
Let h(j) = 3*j + 259*j**3 - 817*j**3 - 2*j. Is h(-1) a composite number?
False
Let w(s) = -340*s - 3. Let a(r) = 113*r + 1. Let o(z) = -11*a(z) - 4*w(z). Suppose 4 = -4*l + 4*b + 20, -5*b - 2 = 4*l. Is o(l) a composite number?
True
Is (6 - 3) + -5 + 85 a composite number?
False
Suppose -4 = -0*l + 4*l. Let h be 1 + -6 - (-3)/(-1). Is ((-260)/h)/(l/(-2)) prime?
False
Suppose 0 = -2*a - 0*a + 10. Suppose -86 + 261 = a*i. Is i composite?
True
Suppose -11 = -2*p - 3*l, -p + 4*p - 4*l + 9 = 0. Suppose 40 = 51*n - 46*n. Is n/(-24)*(p + -94) a composite number?
False
Let y = 710 - 160. Suppose -6*z = -z + 3*m - y, -2*z + 231 = -m. Is z a prime number?
True
Is 6 + (-3593)/(-2) + 3/(-2) a composite number?
False
Suppose 28 = -r + 5*y - 2*y, 0 = r - y + 26. Let b = r - -13. Is 3/(b/19)*-4 a prime number?
True
Let p(r) = r**3 - 6*r**2 + 5*r + 2. Let s be p(5). Let i(b) = -s + 1 - 15*b - 8*b. Is i(-1) composite?
True
Is -502*((-6)/4)/3 a prime number?
True
Let w = -10 + 9. Let a be (1 + -1)/(w*1). Suppose a = -2*n + 86 + 38. Is n a prime number?
False
Let t = 18 - 12. Is (447/t)/((-3)/(-6)) a prime number?
True
Let l(x) = x**2 - x + 1. Suppose 4 = -u - 1. Is l(u) a prime number?
True
Suppose 0 = -4*d - n + 12, 2*n = d + 3 - 6. Suppose -4*i + 190 = 5*b - d*b, i = 4*b - 353. Let o = -52 + b. Is o a prime number?
True
Suppose -s = -3*k - 0*s - 142, -5*k - s = 250. Let c = -33 + k. Let h = -59 - c. Is h composite?
False
Let u(v) = 1. Let b(i) = -31*i + 15. Let t(f) = b(f) + 6*u(f). Is t(-10) composite?
False
Let j be 1 + 2 + (-5)/(-5). Suppose 0 = -3*d + 2*u + 151, 0*u - 55 = -d - j*u. Is d a composite number?
True
Suppose -2*l = -z + 427, l = 5*l - z + 859. Let h = l - -433. Is h composite?
True
Let s be 20/80*(11 - -1). Suppose 3*k = p - 65, 2*p - k + s*k - 162 = 0. Is p prime?
False
Let h be 1 + (1/1 - -42). Suppose 4*m - 476 = 2*i, 2*i - 500 = -4*m - 2*i. Let d = m - h. Is d a prime number?
False
Suppose -9 = -3*d + 3*i + 6, -1 = -i. Is (-260)/(-24) + 1/d a prime number?
True
Suppose -n - 4*t + 699 = 0, 0*t - 2097 = -3*n - 2*t. Is n prime?
False
Suppose -613 = 3*d - 3*x + 500, -5*d + 2*x - 1858 = 0. Let v = d + 575. Is v prime?
False
Let g = -225 + 319. Is g a composite number?
True
Is 20/(-110) - 288/(-11) a composite number?
True
Let h(g) = 4*g**3 - 5*g**2 - g - 3. Is h(5) prime?
True
Suppose -2*m = -102 - 36. Is m composite?
True
Suppose -4*b + 476 = 5*r, -3*b + 0*r - 2*r = -357. Is b composite?
True
Let b(j) = 3*j**3 - 9*j**2 - 19. Is b(8) a prime number?
True
Let t(s) = -s**2 + 2*s + 6. Let f be t(-4). Let o = -29 - f. Let z = o + 30. Is z a prime number?
True
Let k = -13 + 13. Suppose -74 = -3*p + 5*z + 14, k = -2*p + z + 61. Is p a composite number?
False
Let b(a) = -4*a**3 + 2*a**2 - 5*a + 5. Let k(v) = -9*v**3 + 5*v**2 - 11*v + 10. Let u(l) = 7*b(l) - 3*k(l). Is u(-5) a prime number?
False
Let c be ((-3)/2)/((-9)/96). Suppose -5*a = -54 - c. Is a composite?
True
Let p = -575 + 1314. Is p a prime number?
True
Let p(z) = -z**3 + 6*z**2 - 6*z + 4. Let m be p(4). Suppose 4*i = -m, y + 48 - 196 = -3*i. Is y a prime number?
True
Is 1162/8*(1 + 3) prime?
False
Let y(q) be the third derivative of -5*q**4/24 - 5*q**3/6 + 2*q**2. Let d = 1 - 7. Is y(d) composite?
True
Is (-3)/(-6) + 3705/10 a composite number?
True
Suppose 0 = 3*a - 2937 - 1644. Is a a composite number?
True
Suppose -o + 19 + 242 = -f, -512 = -2*o - 3*f. Is o composite?
True
Suppose -3*v - 45 = 552. Let g = -102 - v. Is g a composite number?
False
Let t = -4 + 14. Is 4/t - 216/(-10) prime?
False
Suppose a = -a - 8, -5*a = 3*i - 1981. Is i prime?
False
Let a = -339 - -1040. Is a composite?
False
Suppose -3*c = -s - 2*s, -s + 5 = 0. Suppose -y - 17 = -c*r, y + r = 2*y + 1. Is y a composite number?
False
Suppose 0 = -3*x + 3*w + 1020, 0 = -4*x + 6*x - 5*w - 689. Is x a prime number?
True
Suppose -4*b + 8 = 3*h, b + 2*h + 4 = 3*b. Suppose i = z + 1, 3*i + b*z = -0*i + 13. Let p(o) = 3*o**3 - 3*o**2 - 3. Is p(i) composite?
True
Let j(r) = 52